{"id":91,"date":"2020-08-07T09:41:05","date_gmt":"2020-08-07T09:41:05","guid":{"rendered":"http:\/\/extranet.wegberg.de\/?page_id=91"},"modified":"2020-08-07T10:03:17","modified_gmt":"2020-08-07T10:03:17","slug":"impressum","status":"publish","type":"page","link":"https:\/\/ka.wegberg.de\/?page_id=91","title":{"rendered":"Impressum"},"content":{"rendered":"<ol>\n<li>HAFTUNGSAUSCHLUSS<\/li>\n<\/ol>\n<p style=\"font-weight: 400;\">Die Stadtverwaltung Wegberg\u00a0haftet nicht f\u00fcr<\/p>\n<p style=\"font-weight: 400;\">Fehler redaktioneller und technischer Art, Auslassungen u. \u00c4. sowie die Vollst\u00e4ndigkeit und Richtigkeit der Eintragungen auf www.wegberg.de<\/p>\n<p style=\"font-weight: 400;\">und<\/p>\n<p style=\"font-weight: 400;\">die Vollst\u00e4ndigkeit und Richtigkeit von Informationen, die \u00fcber weiterf\u00fchrende Links erreicht werden.<\/p>\n<p style=\"font-weight: 400;\">Jeder Anbieter ist f\u00fcr die eigenen Inhalte, die er zur Nutzung bereitstellt, nach den allgemeinen Gesetzen selbst verantwortlich.<\/p>\n<p style=\"font-weight: 400;\">Die Verweise durch Hyperlinks auf Inhalte fremder Webseiten dienen lediglich der Information. Die Verantwortlichkeit f\u00fcr diese fremden Inhalte liegt alleine bei dem Anbieter, der die Inhalte bereith\u00e4lt. Vor dem Einrichten des entsprechenden Verweises wurden die Web-Seiten des jeweiligen Anbieters mit gro\u00dfer Sorgfalt sowie nach bestem Wissen und Gewissen \u00fcberpr\u00fcft. Eine Haftung f\u00fcr die Vollst\u00e4ndigkeit und Richtigkeit von Informationen, die \u00fcber weiterf\u00fchrende Hyperlinks erreicht werden, erfolgt nicht. Der Inhalt der anderen Web-Seiten kann jederzeit ohne Wissen der Stadtverwaltung Wegberg ge\u00e4ndert werden.<\/p>\n<p style=\"font-weight: 400;\">Die Stadtverwaltung Wegberg hat keinen Einfluss auf die Gestaltung und die Inhalte der durch Link von www.wegberg.de aus erreichbaren Seiten anderer Anbieter und macht sich deren Inhalt ausdr\u00fccklich nicht zu Eigen. Diese Erkl\u00e4rung gilt f\u00fcr alle Seiten auf\u00a0 www.wegberg.de und s\u00e4mtliche dort angebrachte Links.<\/p>\n<p style=\"font-weight: 400;\">Soweit die Stadtverwaltung Wegberg auf Seiten verweist, deren Inhalt Anlass zur Beanstandung gibt, wird um Mitteilung an\u00a0posteingang@stadt.wegberg.de\u00a0gebeten.<\/p>\n<p style=\"font-weight: 400;\">Der vorangehende Haftungsausschluss gilt f\u00fcr das Vereinsverzeichnis und den Veranstaltungskalender, das\/ der lediglich von den dort genannten Dritten zur Verf\u00fcgung gestellte Informationen wiedergibt, entsprechend.<\/p>\n<p style=\"font-weight: 400;\">Die Stadtverwaltung Wegberg beh\u00e4lt sich das Recht vor, ohne vorherige Ank\u00fcndigung die bereitgestellten Informationen zu \u00e4ndern, zu erg\u00e4nzen oder zu entfernen.<\/p>\n<ol start=\"2\">\n<li style=\"font-weight: 400;\">URHEBERRECHT<\/li>\n<\/ol>\n<p style=\"font-weight: 400;\">Falls nicht anders angegeben, unterliegen alle Seiten des Web-Angebotes extranet.wegberg.de, insbesondere Texte, Bilder und Grafiken dem Urheberrecht. Eine Vervielf\u00e4ltigung, Ver\u00f6ffentlichung oder sonstige Verwendung dieser Seiten oder Teilen davon in elektronischen oder gedruckten Publikationen, auch im Internet, oder zu unternehmerischen Zwecken ist nur nach vorheriger Zustimmung gestattet. Das gilt f\u00fcr alle Inhalte unabh\u00e4ngig von dem Dateiformat und f\u00fcr alle Formen der Verwertung.<\/p>\n<p style=\"font-weight: 400;\">Unzul\u00e4ssig ist das automatische oder sonst nicht vom individuellen Interesse an dem jeweiligen Inhalt gepr\u00e4gte Auslesen des Archivs oder anderer Datenbanken dieser Seiten zum Zwecke der Speicherung.<\/p>\n<p style=\"font-weight: 400;\">Die Inhalte d\u00fcrfen ohne gesonderte Einwilligung lediglich f\u00fcr den eigenen privaten nichtkommerziellen Gebrauch abgerufen, heruntergeladen, gespeichert und ausgedruckt werden, wenn alle urheberrechtlichen (z.B. Quellenangaben) und anderen gesch\u00fctzten Hinweise in Bezug auf die Inhalte und die Inhalte selbst unver\u00e4ndert beibehalten werden. Als Quelle ist die Internet-Adresse www.wegberg.de zu nennen. Die Urheberrechte verbleiben bei der Stadtverwaltung Wegberg bzw. bei genannten Dritten.<\/p>\n<p style=\"font-weight: 400;\">\n","protected":false},"excerpt":{"rendered":"<p>HAFTUNGSAUSCHLUSS Die Stadtverwaltung Wegberg\u00a0haftet nicht f\u00fcr Fehler redaktioneller und technischer Art, Auslassungen u. \u00c4. sowie die Vollst\u00e4ndigkeit und Richtigkeit der Eintragungen auf www.wegberg.de und die Vollst\u00e4ndigkeit und Richtigkeit von Informationen, die \u00fcber weiterf\u00fchrende Links erreicht werden. Jeder Anbieter ist f\u00fcr die eigenen Inhalte, die er zur Nutzung bereitstellt, nach den allgemeinen Gesetzen selbst verantwortlich. Die&hellip;&nbsp;<a href=\"https:\/\/ka.wegberg.de\/?page_id=91\" class=\"\" rel=\"bookmark\">Weiterlesen &raquo;<span class=\"screen-reader-text\">Impressum<\/span><\/a><\/p>\n","protected":false},"author":1,"featured_media":0,"parent":0,"menu_order":0,"comment_status":"closed","ping_status":"closed","template":"","meta":{"neve_meta_sidebar":"full-width","neve_meta_container":"","neve_meta_enable_content_width":"on","neve_meta_content_width":100,"neve_meta_title_alignment":"","neve_meta_author_avatar":"","neve_post_elements_order":"","neve_meta_disable_header":"","neve_meta_disable_footer":"","neve_meta_disable_title":"","_ti_tpc_template_sync":false,"_ti_tpc_template_id":""},"_links":{"self":[{"href":"https:\/\/ka.wegberg.de\/index.php?rest_route=\/wp\/v2\/pages\/91"}],"collection":[{"href":"https:\/\/ka.wegberg.de\/index.php?rest_route=\/wp\/v2\/pages"}],"about":[{"href":"https:\/\/ka.wegberg.de\/index.php?rest_route=\/wp\/v2\/types\/page"}],"author":[{"embeddable":true,"href":"https:\/\/ka.wegberg.de\/index.php?rest_route=\/wp\/v2\/users\/1"}],"replies":[{"embeddable":true,"href":"https:\/\/ka.wegberg.de\/index.php?rest_route=%2Fwp%2Fv2%2Fcomments&post=91"}],"version-history":[{"count":7,"href":"https:\/\/ka.wegberg.de\/index.php?rest_route=\/wp\/v2\/pages\/91\/revisions"}],"predecessor-version":[{"id":101,"href":"https:\/\/ka.wegberg.de\/index.php?rest_route=\/wp\/v2\/pages\/91\/revisions\/101"}],"wp:attachment":[{"href":"https:\/\/ka.wegberg.de\/index.php?rest_route=%2Fwp%2Fv2%2Fmedia&parent=91"}],"curies":[{"name":"wp","href":"https:\/\/api.w.org\/{rel}","templated":true}]}}