{"id":71,"date":"2020-08-07T07:53:23","date_gmt":"2020-08-07T07:53:23","guid":{"rendered":"http:\/\/extranet.wegberg.de\/?page_id=71"},"modified":"2020-08-07T10:10:06","modified_gmt":"2020-08-07T10:10:06","slug":"startseite","status":"publish","type":"page","link":"https:\/\/ka.wegberg.de\/","title":{"rendered":"Startseite"},"content":{"rendered":"<p><strong>Herzlich Willkommen auf unserer Extranetseite.<\/strong><\/p>\n<p>Damit Sie auf die Inhalte der Seite zugreifen k\u00f6nnen, ben\u00f6tigen Sie eine Anmeldekennung.<\/p>\n<p>Ihre IT-Abteilung erreichen Sie \u00fcber die Rufnummer 02434-83 888<\/p>\n<div id=\"wpmem_login\"><a id=\"login\"><\/a><form action=\"https:\/\/ka.wegberg.de\/\" method=\"POST\" id=\"wpmem_login_form\" class=\"form\"><input type=\"hidden\" id=\"_wpmem_login_nonce\" name=\"_wpmem_login_nonce\" value=\"92ab96a95c\" \/><input type=\"hidden\" name=\"_wp_http_referer\" value=\"\/index.php?rest_route=%2Fwp%2Fv2%2Fpages%2F71\" \/><fieldset><legend>Anmelden<\/legend><label for=\"log\">Benutzername oder E-Mail<\/label><div class=\"div_text\"><input name=\"log\" type=\"text\" id=\"log\" value=\"\" class=\"username\" required  \/><\/div><label for=\"pwd\">Passwort<\/label><div class=\"div_text\"><input name=\"pwd\" type=\"password\" id=\"pwd\" class=\"password\" required  \/><\/div><input name=\"redirect_to\" type=\"hidden\" value=\"\/index.php?rest_route=%2Fwp%2Fv2%2Fpages%2F71\" \/><input name=\"a\" type=\"hidden\" value=\"login\" \/><div class=\"button_div\"><input name=\"rememberme\" type=\"checkbox\" id=\"rememberme\" value=\"forever\" \/>&nbsp;<label for=\"rememberme\">Angemeldet bleiben<\/label>&nbsp;&nbsp;<input type=\"submit\" name=\"Submit\" value=\"Anmelden\" class=\"buttons\" \/><\/div><\/fieldset><\/form><\/div>\n","protected":false},"excerpt":{"rendered":"<p>Herzlich Willkommen auf unserer Extranetseite. Damit Sie auf die Inhalte der Seite zugreifen k\u00f6nnen, ben\u00f6tigen Sie eine Anmeldekennung. Ihre IT-Abteilung erreichen Sie \u00fcber die Rufnummer 02434-83 888<\/p>\n","protected":false},"author":1,"featured_media":0,"parent":0,"menu_order":0,"comment_status":"closed","ping_status":"closed","template":"","meta":{"neve_meta_sidebar":"full-width","neve_meta_container":"","neve_meta_enable_content_width":"off","neve_meta_content_width":0,"neve_meta_title_alignment":"","neve_meta_author_avatar":"","neve_post_elements_order":"","neve_meta_disable_header":"","neve_meta_disable_footer":"","neve_meta_disable_title":"","_ti_tpc_template_sync":false,"_ti_tpc_template_id":""},"_links":{"self":[{"href":"https:\/\/ka.wegberg.de\/index.php?rest_route=\/wp\/v2\/pages\/71"}],"collection":[{"href":"https:\/\/ka.wegberg.de\/index.php?rest_route=\/wp\/v2\/pages"}],"about":[{"href":"https:\/\/ka.wegberg.de\/index.php?rest_route=\/wp\/v2\/types\/page"}],"author":[{"embeddable":true,"href":"https:\/\/ka.wegberg.de\/index.php?rest_route=\/wp\/v2\/users\/1"}],"replies":[{"embeddable":true,"href":"https:\/\/ka.wegberg.de\/index.php?rest_route=%2Fwp%2Fv2%2Fcomments&post=71"}],"version-history":[{"count":8,"href":"https:\/\/ka.wegberg.de\/index.php?rest_route=\/wp\/v2\/pages\/71\/revisions"}],"predecessor-version":[{"id":103,"href":"https:\/\/ka.wegberg.de\/index.php?rest_route=\/wp\/v2\/pages\/71\/revisions\/103"}],"wp:attachment":[{"href":"https:\/\/ka.wegberg.de\/index.php?rest_route=%2Fwp%2Fv2%2Fmedia&parent=71"}],"curies":[{"name":"wp","href":"https:\/\/api.w.org\/{rel}","templated":true}]}}